s 27427 a composite number?
False
Is 594533 a composite number?
False
Is 16949 prime?
False
Is 8923 a composite number?
False
Is 533 prime?
False
Is 12515 a composite number?
True
Is 28333 composite?
True
Is 19153 prime?
False
Is 23683 prime?
False
Is 1892755 a prime number?
False
Is 11182 a composite number?
True
Is 6066781 a composite number?
True
Is 3989 composite?
False
Is 453443 composite?
True
Is 91411 a prime number?
True
Is 135977 a prime number?
True
Is 31799 composite?
False
Is 20386 composite?
True
Is 697177 a prime number?
False
Is 38209 a composite number?
True
Is 10897 a prime number?
False
Is 2721 composite?
True
Is 106853 a prime number?
True
Is 500077 a composite number?
True
Is 409 a prime number?
True
Is 9089 a composite number?
True
Is 34115 a prime number?
False
Is 4142591 prime?
True
Is 20393 a composite number?
False
Is 5623 a prime number?
True
Is 85691 a prime number?
True
Is 76091 composite?
False
Is 42979 a composite number?
False
Is 485923 prime?
True
Is 256733 composite?
True
Is 8683 a composite number?
True
Is 72023 prime?
False
Is 8509 a composite number?
True
Is 593599 a composite number?
True
Is 9983 prime?
False
Is 10909 a composite number?
False
Is 15763 prime?
False
Is 1357661 composite?
False
Is 694 prime?
False
Is 23477 prime?
False
Is 9031 a prime number?
False
Is 7978 a prime number?
False
Is 260609 a prime number?
True
Is 919 a composite number?
False
Is 6181 a prime number?
False
Is 1814 prime?
False
Is 67327 prime?
False
Is 84913 a composite number?
False
Is 537703 a prime number?
True
Is 79129 a prime number?
False
Is 13982 a composite number?
True
Is 232259 a prime number?
True
Is 20182 prime?
False
Is 253937 a composite number?
False
Is 31033 a prime number?
True
Is 295589 a prime number?
False
Is 414103 composite?
True
Is 8353 a composite number?
False
Is 98419 a composite number?
False
Is 429017 composite?
False
Is 5793 prime?
False
Is 45358 composite?
True
Is 41843 a prime number?
True
Is 2579 a prime number?
True
Is 89891 a composite number?
False
Is 10783595 composite?
True
Is 176081 composite?
False
Is 18965 prime?
False
Is 932107 prime?
False
Is 48049 prime?
True
Is 29983 prime?
True
Is 68342 a composite number?
True
Is 8461 a composite number?
False
Is 103811 a composite number?
False
Is 51523 a composite number?
True
Is 14779 a composite number?
False
Is 46211 prime?
False
Is 1267501 a composite number?
False
Is 532477 prime?
False
Is 20803 a prime number?
False
Is 10771 a prime number?
True
Is 630479 a composite number?
True
Is 178121 a prime number?
False
Is 907 composite?
False
Is 101771 a composite number?
False
Is 200071 prime?
False
Is 13367 a composite number?
False
Is 3864187 prime?
True
Is 66223 composite?
True
Is 54371 a composite number?
False
Is 17513 composite?
True
Is 599591 composite?
False
Is 3351 a composite number?
True
Is 11099 a composite number?
True
Is 26137 a prime number?
False
Is 32367 prime?
False
Is 180137 a prime number?
True
Is 6947 a composite number?
False
Is 18119 a prime number?
True
Is 101627 prime?
True
Is 320561 composite?
False
Is 1825591 a composite number?
False
Is 90283 a prime number?
False
Is 3433 composite?
False
Is 623417 composite?
False
Is 239 composite?
False
Is 308923 a prime number?
True
Is 730313 prime?
False
Is 1973 a prime number?
True
Is 4561 composite?
False
Is 69779 prime?
True
Is 11369 a composite number?
False
Is 891635 prime?
False
Is 25523 prime?
True
Is 37441 prime?
True
Is 195771 a composite number?
True
Is 314543 composite?
False
Is 26843 prime?
False
Is 1327 composite?
False
Is 1511269 a composite number?
False
Is 389369 a composite number?
False
Is 160141 prime?
True
Is 4629 a prime number?
False
Is 4009 composite?
True
Is 3943 a composite number?
False
Is 7647 a composite number?
True
Is 124441 prime?
False
Is 74371 a prime number?
False
Is 182879 prime?
False
Is 3791 prime?
False
Is 24449 composite?
True
Is 308713 a composite number?
False
Is 46967 a prime number?
False
Is 15709 a composite number?
True
Is 2555863 prime?
True
Is 49727 a prime number?
True
Is 255571 composite?
False
Is 280753 prime?
False
Is 1936889 a prime number?
True
Is 5623 a composite number?
False
Is 3349 a composite number?
True
Is 90367 composite?
True
Is 50433 a composite number?
True
Is 29261 a composite number?
True
Is 7609 a composite number?
True
Is 208319 prime?
True
Is 17429 composite?
True
Is 214397 a composite number?
True
Is 86626 prime?
False
Is 4075817 prime?
True
Is 42649 a prime number?
True
Is 118127 a composite number?
False
Is 30631 composite?
False
Is 174485 a composite number?
True
Is 2417 a composite number?
False
Is 676849 a composite number?
True
Is 21001 composite?
False
Is 2437079 a composite number?
True
Is 1580519 composite?
True
Is 2897 prime?
True
Is 23699 prime?
False
Is 31 composite?
False
Is 1099145 composite?
True
Is 347938 a composite number?
True
Is 198899 a composite number?
False
Is 64513 a prime number?
True
Is 208595 prime?
False
Is 1167 composite?
True
Is 1018481 a prime number?
False
Is 9231467 composite?
True
Is 744463 prime?
False
Is 427639 composite?
True
Is 523801 a composite number?
False
Is 72797 composite?
False
Is 34961 prime?
True
Is 104071 prime?
False
Is 327245 a prime number?
False
Is 54437 prime?
True
Is 541 a composite number?
False
Is 2877923 composite?
True
Is 1444679 prime?
True
Is 536189 prime?
True
Is 2335 a composite number?
True
Is 846823 a composite number?
False
Is 892019 prime?
True
Is 58633 composite?
True
Is 3418 a prime number?
False
Is 1110247 a composite number?
False
Is 3793 prime?
True
Is 12791 prime?
True
Is 517271 composite?
True
Is 299389 a composite number?
False
Is 19297 prime?
False
Is 2487 a prime number?
False
Is 525619 a prime number?
False
Is 26171 a prime number?
True
Is 19547 composite?
True
Is 1660549 a composite number?
True
Is 235753 a prime number?
False
Is 35489 composite?
True
Is 540433 a composite number?
False
Is 132985 composite?
True
Is 34189 a composite number?
True
Is 3076249 prime?
False
Is 2885 prime?
False
Is 404561 composite?
True
Is 299291 a composite number?
True
Is 32995 prime?
False
Is 243301 a composite number?
False
Is 6803 a prime number?
True
Is 1317403 a prime number?
False
Is 229393 prime?
True
Is 141359 a composite number?
False
Is 6463 prime?
False
Is 655 composite?
True
Is 508397 a prime number?
False
Is 26513 prime?
True
Is 125707 prime?
True
Is 4183 a composite number?
True
Is 2170361 composite?
False
Is 2285 a prime number?
False
Is 612439 composite?
False
Is 7087 prime?
False
Is 4341593 prime?
True
Is 173773 a composite number?
False
Is 1116371 prime?
True
Is 75907 prime?
False
Is 353 a prime number?
True
Is 167147 a composite number?
True
Is 1065617 prime?
False
Is 12037 a composite number?
False
Is 3251 composite?
False
Is 19 a prime number?
True
Is 38111 a prime number?
False
Is 7207 prime?
True
Is 233911 composite?
False
Is 203531 prime?
True
Is 6839 a prime number?
False
Is 5501 a composite number?
False
Is 47339 a composite number?
False
Is 427519 a prime number?
False
Is 5381 a composite number?
False
Is 3542963 composite?
False
Is 26227 composite?
False
Is 11541 a prime number?
False
Is 4321 prime?
False
Is 63221 composite?
True
Is 143761 a prime number?
False
Is 119027 prime?
True
Is 18293 a prime number?
False
Is 4889 composite?
False
Is 23843 a composite number?
True
Is 5359039 composite?
True
Is 2237 prime?
True
Is 186917 a prime number?
True
Is 165993 a prime number?
False
Is 7903 prime?
False
Is 132629 prime?
False
Is 2658943 prime?
False
Is 342739 prime?
False
Is 86837 composite?
False
Is 61511 a composite number?
False
Is 182747 prime?
True
Is 6037 a composite number?
False
Is 673259 composite?
True
Is 132541 a prime number?
True
Is 368257 composite?
True
Is 5331 prime?
False
Is 59765 composite?
True
Is 27871 composite?
True
Is 217091 composite?
True
Is 13891 prime?
False
Is 7615 a prime number?
False
Is 1769 prime?
False
Is 9913 a composite number?
True
Is 7135 a composite number?
True
Is 189751 a prime number?
False
Is 4749 composite?
True
Is 4637 a composite number?
False
Is 718603 a composite number?
False
Is 117129 prime?
False
Is 1759 a composite number?
False
Is 20851 composite?
True
Is 2498 composite?
True
Is